 the greatest common factor of q and h.
12
Let s(z) be the second derivative of -z**3/2 - 3*z**2 - 2*z. Let k be s(-8). Let i = 66 + 78. Calculate the highest common divisor of k and i.
18
Let o(a) be the second derivative of 53*a**3/6 - 8*a**2 + 23*a. Let l be o(2). Calculate the greatest common divisor of l and 18.
18
Let n(q) = q**3 + 13*q**2 - 15*q - 12. Let u be n(-14). Let j be (-128)/(-5) + 2/5. Let h be j*1/u - 3. Calculate the greatest common divisor of 15 and h.
5
Let u(j) = -j**3 - 8*j**2 + 9*j + 6. Suppose 3*d = 10 - 37. Let i be u(d). Suppose 0 = -2*q + i*q - 112. Calculate the greatest common divisor of 4 and q.
4
Let h(i) = 14*i + 7*i - 2 + 11*i - 9*i. Let q be -10*1/(5/(-2)). Let w be h(q). Calculate the highest common factor of w and 18.
18
Let u be -4*(-11)/(-88)*-22. What is the highest common factor of 1012 and u?
11
Suppose -953 + 878 = -5*t. Calculate the highest common factor of 30 and t.
15
Let n(f) = -8*f - 45. Let m be n(-13). Calculate the greatest common divisor of m and 2.
1
Suppose -49 + 130 = 9*w. What is the greatest common divisor of 24 and w?
3
Let u(f) = -f**2 + 2*f + 2. Let l be u(2). Let o(i) = -i**2 + 6*i - 2. Let d be o(6). Let q = l - d. Calculate the greatest common divisor of q and 4.
4
Suppose 2*x - m - 414 = 0, 4*x - 8*m = -5*m + 824. Calculate the highest common divisor of x and 187.
11
Let p = 28 - 33. Let i(n) = n**2 + 2*n - 11. Let g be i(p). Calculate the greatest common divisor of g and 12.
4
Suppose 4*a = -3*y + 107, -4*y + 2*a = 87 - 237. Suppose -5*o + 36*b - 31*b + 735 = 0, -3*o = -b - 443. What is the greatest common factor of y and o?
37
Let s = 30 - 11. Let k(c) be the first derivative of c**4/4 + 2*c**3/3 - 5*c**2/2 + 2*c + 5. Let h be k(5). What is the highest common factor of h and s?
19
Suppose 4*g - 184 = -5*m, -5*m + 4*g = -2*m - 136. Let k be 436/10 - 14/(-35). Let r = 48 - k. What is the highest common factor of r and m?
4
Let h(p) = -p + 7. Let k be h(-3). Let z(v) = 6*v - 2. Let n be z(2). Calculate the greatest common factor of k and n.
10
Suppose 2*n - 19 = 101. What is the highest common factor of n and 84?
12
Let p(b) be the third derivative of -b**4/4 + 2*b**3/3 - b**2. Let i be 2/(-5)*-10*(-2)/4. Let d be p(i). Calculate the greatest common divisor of 2 and d.
2
Let f(t) = -19*t - 9. Let s be f(-6). Let y be (6/32*20)/(3/12). What is the greatest common divisor of s and y?
15
Let k be (-9)/((-252)/(-8)) - (-312)/14. What is the greatest common divisor of k and 242?
22
Let g = 238 + -235. What is the highest common divisor of g and 4?
1
Let m = -439 + 445. Calculate the greatest common divisor of m and 62.
2
Let u = 49 - 49. Let o be (10 - 11)*(u + -4). What is the greatest common divisor of o and 12?
4
Let u be 0 - (-96)/4 - (7 + -2). What is the highest common divisor of 475 and u?
19
Suppose 0 = -15*i + 7169 + 1786. Let j = i + -417. What is the highest common divisor of 20 and j?
20
Let f be 3/((-18)/(-4)) + 8588/114. Calculate the highest common factor of f and 12.
4
Suppose -7*a + 17 = -6*a. Let x(s) = s**3 + 16*s**2 - 16*s + 34. Let z be x(-17). What is the highest common factor of z and a?
17
Let u(b) = -b + 5. Let y be u(-2). Suppose -y*r = -120 - 125. What is the greatest common divisor of 315 and r?
35
Let b = -3 - -5. Suppose -z + 7 = 3*k, -z + 4 = -b*k + 4*k. Suppose 5*l - 5*f - 55 = k*l, -2*f + 76 = 2*l. Calculate the highest common factor of 5 and l.
5
Let f(d) = 533*d - 244. Let u be f(4). What is the greatest common divisor of u and 32?
32
Suppose -6*f - 4 = -28. Suppose -f*r = -122 - 38. What is the greatest common divisor of r and 60?
20
Suppose 0 = -q + 48 + 78. Let a(w) = w**3 + 10*w**2 + 14. Let v be a(-10). What is the greatest common divisor of v and q?
14
Suppose -4*b = p - 235, -10 = 4*p - 2*p. What is the highest common divisor of b and 30?
30
Suppose -4*b = -b - 27. Suppose 3*n - 18 = -3*z, -3*n + 3 = -0. Let y(t) = 7*t + 19. Let u be y(z). Calculate the greatest common divisor of b and u.
9
Let r(u) = u**3 + 11*u**2 + 12*u. Let j be r(-9). Calculate the greatest common factor of 405 and j.
27
Let k(w) = -3*w**2 + 112*w - 26. Let t be k(33). Calculate the highest common factor of 124 and t.
31
Suppose 21*b = -3*h + 17*b + 31, 4*h - 2*b - 56 = 0. What is the highest common factor of h and 507?
13
Suppose 0 = -g - 1, -51 + 17 = -3*s - 5*g. Let z be ((-156)/10)/((-9)/60). Let r be (z/(-12))/(3/(-36)). What is the highest common factor of r and s?
13
Let l be 10/1*(-8)/(-5). Suppose 0 = -6*x + x + 3*u + 244, u + 97 = 2*x. Let s = 63 - x. What is the highest common factor of l and s?
16
Let s = -34 + 28. Let i(r) = r**2 + 5*r - 20. Let l be i(s). Let b = l - -19. What is the highest common divisor of b and 1?
1
Suppose p - 5*p = 0. Suppose -2*r + 4*w = -20, -5 = 5*w - p. Let s be (-611)/(-13) - (-14 - -5). Calculate the highest common divisor of s and r.
8
Let l = 146 + -259. Let w = -59 - l. Suppose -4*m + 2*o = -24, -5*m + 3*o + 21 = -9. Calculate the highest common factor of m and w.
6
Let j be (0 + 2)/(5/((-135)/(-6))). Let z(l) = l + 2 - 3 + 4. Let t be z(j). Calculate the highest common factor of 60 and t.
12
Suppose 46 = 2*a - 2*h, 2*h = -a - 9 + 17. What is the greatest common factor of 414 and a?
18
Let m(u) = 3*u**2 - u + 2. Let h be m(3). Suppose 4*x - 5*x = -4. Suppose -x*b = b - 5, -v - 5*b + 31 = 0. What is the highest common factor of v and h?
26
Let s be (-1)/9 - (-18445)/765. Calculate the greatest common factor of s and 1752.
24
Let t(u) = 3*u**2 - 3*u + 1. Let b be t(-3). Let y be 303/5 - 6/(-15). Let v = y - b. Calculate the highest common divisor of 36 and v.
12
Let p(l) = -2*l**3 - 2*l**2 + 28*l - 4. Let k be p(-6). Calculate the greatest common factor of k and 47.
47
Let p = 6 - 3. Suppose -q + 2 = 2*t, p*q + 5*t + 49 = 5*q. Suppose -13 = -4*o + 35. What is the highest common divisor of o and q?
12
Suppose 0 = -h - 1 - 2. Let p = 5 + h. Suppose o - 8 = -p. What is the highest common factor of 3 and o?
3
Let s(y) = 5*y**2 + 6*y + 1. Let j be s(2). Calculate the highest common divisor of 6 and j.
3
Let a = 79 - 145. Let j = a - -79. What is the greatest common divisor of 52 and j?
13
Let n(d) = 19*d - 1. Let i be n(1). Suppose 3*f - 720 = -17*f. What is the greatest common divisor of f and i?
18
Suppose 2*x - 220 = -0*x. Let u = -69 - -91. Calculate the greatest common factor of u and x.
22
Suppose 5*q + 19 = 154. Suppose 0*z - 3*z - 36 = 0. Let v = z + 21. What is the greatest common factor of q and v?
9
Suppose -215 = -2*p - 5*i, p + 437 = 5*p + 3*i. Suppose -3*s = -s - 88. Calculate the highest common divisor of p and s.
22
Let m be (-18)/4*20/30. Let v be (-330)/20*2/m. Calculate the greatest common factor of 33 and v.
11
Let i be 6*4/36 + 3480/18. What is the greatest common divisor of i and 485?
97
Let q be (-7 - (-7)/(7/4)) + 21. Let w(d) = 4*d**3 + d**2. Let u be w(2). Calculate the highest common factor of q and u.
18
Suppose w - 7 = -0*w - 5*y, 3 = 2*w - y. Let p(u) = -u**2. Let v be p(-4). Let x be (-7 - -6)/(1/v). What is the highest common divisor of w and x?
2
Let y = -457 - -475. Let w(f) = 2*f**2 - 5. Let g be w(4). Calculate the highest common divisor of g and y.
9
Suppose -4*s + 6 = -s. Suppose -4*z = -s - 2. What is the greatest common divisor of 5 and z?
1
Let p = 285 + -243. Calculate the greatest common divisor of 18 and p.
6
Suppose 97 = 3*r - 4*y, 4*r + r - 4*y = 167. Let j be 3/(-7) + 5555/385. What is the highest common divisor of r and j?
7
Let b = -207 - -209. Suppose 2*r = -0*r + 34. Suppose t = 5*x + r, -10 = t - x + 5*x. Calculate the highest common factor of t and b.
2
Suppose 2*i + 624 - 88 = 2*n, 2*n - i - 532 = 0. Calculate the greatest common factor of 33 and n.
33
Let i = 0 + 2. Let r(p) = -3*p**i - 3*p**2 + 5*p**2 + 1 + 9*p. Let x be r(8). Calculate the highest common divisor of x and 99.
9
Let m = -227 + 257. Let w be (9/(-2))/((-6)/16). What is the highest common factor of m and w?
6
Let h(v) = -32*v - 132. Let x be h(-7). Calculate the highest common factor of 230 and x.
46
Let p = -114 + 270. Calculate the greatest common divisor of p and 288.
12
Suppose 42*j - 1 = 41. Let d = 1 - -8. What is the highest common factor of j and d?
1
Suppose 10*f + 5*o - 86 = 9*f, -4*f + 363 = o. Calcu